4/12 - 11*o**3/6 + 2*o**2 + 9*o. What are the prime factors of d(14)?
2, 23
Suppose 5*h - 3*v = 2*v + 575, 0 = 3*h + 2*v - 345. What are the prime factors of h?
5, 23
Let u = 0 + 1. What are the prime factors of (u + (-2)/6)*3?
2
Let i(g) = 73*g**2 - 3*g - 2. What are the prime factors of i(2)?
2, 71
Let k = 291 + -85. List the prime factors of k.
2, 103
Let u(m) = 3*m + 1. Let f = 5 + -1. Let t(y) = y**3 - 3*y**2 - 3*y + 1. Let n be t(f). What are the prime factors of u(n)?
2
List the prime factors of (-1 + (-90)/3)*-1.
31
Suppose g - 5 = 9. Let c be 4/g - 4/14. Suppose -28 = -2*x + 4*a, -2*x - 5*a + 10 = -c. List the prime factors of x.
2, 5
Let i = 4 + -11. Let j(x) = -x**3 - 7*x**2 - 3*x - 7. What are the prime factors of j(i)?
2, 7
Let o(n) = n - 1. Let z be o(3). Suppose 5*s + 5 = j, 0 = -6*s + z*s - 4. What are the prime factors of 3/((-3)/(-11)) - j?
11
Let c = 149 - 80. Suppose -2*r - 5*z + c = 0, 0*r + 63 = 4*r - 5*z. List the prime factors of r.
2, 11
Let g = -12 + 5. Let r be 0 + (-1)/(3/6). What are the prime factors of ((-2)/r)/((-1)/g)?
7
Suppose 0*f = -3*f + 5*i + 47, -f = -i - 19. Suppose 0 = -4*t + t + f. What are the prime factors of (t/(-6))/((-8)/60)?
2, 5
Let l(f) = -3*f**3 + f**2 - f - 1. Let k be l(-1). Suppose 0 = u - k*u - 24. List the prime factors of 2/u - 50/(-8).
2, 3
Let d = 106 + -73. What are the prime factors of d?
3, 11
Let d be ((-2)/(-6))/((-3)/(-9)). Let b be ((-2)/4)/(d/14). Let m = 0 - b. What are the prime factors of m?
7
What are the prime factors of 1/5 - (-567)/15?
2, 19
Let u = 14 - 5. Let n = 12 - 7. Let x = u - n. List the prime factors of x.
2
Let s be (-4)/10 - 7/(-5). What are the prime factors of (-49)/(-2) - s/2?
2, 3
Suppose -4*o - 4*h + 301 = -5*h, 5*o - 360 = -2*h. List the prime factors of o.
2, 37
Let l(f) = 2 - 2*f**3 + 0 - 5*f**2 - 4*f + 0*f**3 + f**3. List the prime factors of l(-4).
2
Suppose 9 = l + 2*l. Suppose l*x - 2*o = -208, -5*o + 276 = -4*x - 2*o. List the prime factors of (-2)/4*x/3.
2, 3
Let k = 135 - 72. List the prime factors of k.
3, 7
Let i = -17 + 53. What are the prime factors of i?
2, 3
Let y = 282 - 194. What are the prime factors of y?
2, 11
Let f = 10 + -7. Suppose f + 12 = u. List the prime factors of u.
3, 5
Suppose 0*d + 10 = -2*d. Let s = d - -5. Suppose u - 3*o + 0*o = 14, s = -5*u - 2*o + 2. What are the prime factors of u?
2
Suppose -5*y - 33 = -13. Let c(q) = q**2 + q - 2. What are the prime factors of c(y)?
2, 5
Let n(l) = l**3 - 6*l**2 - 7*l + 2. Let w(x) = -x**3 - 10*x**2 + 10*x - 11. Let v be w(-11). Suppose v = 6*p - 3*p - 21. List the prime factors of n(p).
2
Let d be (-52)/(-1)*21/14. Let o = d + -47. List the prime factors of o.
31
Suppose c - 4 = 9. List the prime factors of c.
13
Suppose 3*d - 12*d + 756 = 0. List the prime factors of d.
2, 3, 7
Let x(m) = m**3 + 6*m**2 + 5*m - 2. Let q be (-1)/(-1*3/(-15)). Let l be x(q). Let b = l - -5. What are the prime factors of b?
3
Suppose -12 = -2*d + 4. Suppose d*b = 5*b + 18. What are the prime factors of b?
2, 3
Suppose 2*x = -2 - 6. Let y(v) = v + 19. Let f be y(-13). What are the prime factors of 15 - x/f*-3?
13
Let b(y) = 2*y**2 - y**3 + 2*y**3 + 3*y - 7*y**2 + 7. What are the prime factors of b(5)?
2, 11
Suppose 0*s = 3*s + 9. Let f(r) = -8*r - 4. List the prime factors of f(s).
2, 5
Let q = -30 + 46. Suppose -2*x + x = -q. What are the prime factors of x?
2
Suppose 0 = 3*s - 2*s - 8. List the prime factors of s.
2
Let u(q) = -3 + q**3 + 0*q - 5*q + 0*q**2 + 2*q**2. Let g be u(-3). Suppose g = 5*f - 7. What are the prime factors of f?
2
Let a(s) = 11*s**3 - 2*s**2 + 1. What are the prime factors of a(1)?
2, 5
Suppose -r + 3*u = -39, -4*u + 38 = 3*r - 27. Let h = r + -17. List the prime factors of h.
2, 5
Suppose 5*v = f - 399, 0*f - 2*v = 4*f - 1706. What are the prime factors of f?
2, 53
List the prime factors of -1*(4 + -5)*3.
3
Let j(y) = -y**2 - 13*y + 12. List the prime factors of j(-7).
2, 3
Let g(k) = 2*k + 1. Let u(o) = -2*o + 1. Let f(l) = l + 1. Let q(m) = -4*f(m) - u(m). Let y be q(-4). What are the prime factors of g(y)?
7
Let v = 5 - 6. Let s be v - (-1 + (1 - -5)). List the prime factors of (-94)/s + (-1)/(-3).
2
Let a be (-3)/2*16/(-3). Let y(k) = k - 1. Let d be y(a). Suppose -3*j = -38 - d. List the prime factors of j.
3, 5
Let x be (-4)/6*(-657)/6. Let k(g) = g**2 - g - 2. Let r be k(3). Suppose -13 = r*q - x. List the prime factors of q.
3, 5
Let s = 3 - 1. Suppose -i = s*i - 6. List the prime factors of i.
2
Suppose -3 = -0*z + z. Let u = z - -11. What are the prime factors of u?
2
Let f(w) = -54*w + 13. What are the prime factors of f(-5)?
283
Suppose 5*r = -121 - 179. Let m = -32 - r. List the prime factors of m.
2, 7
Suppose 2*y - 16 = 30. List the prime factors of y.
23
Let t = -13 + 21. Let a be (0/1)/((-1)/(-1)). Let z = t - a. What are the prime factors of z?
2
What are the prime factors of 1*(-855)/10*-2?
3, 19
Let j(a) = a**3 - 6*a**2 + a - 1. Let g be j(6). Let p(c) = -16*c - 6. Let z be p(g). List the prime factors of z/(-7) + (-8)/28.
2, 3
Let k = -6 - -6. Suppose 5*m - 46 - 14 = k. Let a = m - 1. List the prime factors of a.
11
Let a = 1 - -2. Suppose -2*g - a*g + s + 5 = 0, 0 = 5*g - 4*s + 10. Suppose 2*c - 5*b + 10 = 0, 3*c + g*c - b = 21. List the prime factors of c.
5
Let a(f) = -f - 315. Let o be a(0). What are the prime factors of ((-12)/9)/(10/o)?
2, 3, 7
Suppose -2*f - 218 = -4*a, -a + 3*a = 3*f + 115. Suppose 5 = 6*d - d, 0 = -4*o - d + a. List the prime factors of o.
13
Let b(a) = a**3 + 4*a**2 - 5*a + 1. Let o be b(-4). Suppose -4*f = f + 20. Let q = o + f. What are the prime factors of q?
17
Suppose 0*r = 4*r + 4, y - 2 = -4*r. Let q = 9 - 33. List the prime factors of q/(-10) - y/15.
2
Let w = -368 + 532. What are the prime factors of w?
2, 41
Let q be (5 - 1)*-2 + 0. Let g be 35/(-4) - (-2)/q. List the prime factors of 68/6 + (-6)/g.
2, 3
Suppose 0*o + o - 2*g - 8 = 0, 5*o = -5*g + 10. Let u = -3 + 5. Suppose 13 = 2*v + u*t + t, 4*v = o*t + 16. What are the prime factors of v?
5
Let i = 10 + -6. Suppose -i*m + 153 = 2*q + 59, -3*q - 75 = -3*m. Let y = m + -11. List the prime factors of y.
13
Let h = -61 + 43. List the prime factors of h*(-2 + (-2)/3).
2, 3
Let x(n) = 3*n**2 - 14*n + 4. What are the prime factors of x(9)?
11
Let u(g) = -g**2 + 4*g - 3. Let l be u(4). Let m(y) = y**2 + 4*y - 27. Let j be m(-7). Let v = l - j. List the prime factors of v.
3
Let w = 37 + -13. Let o = -11 + w. What are the prime factors of o?
13
Let y(i) = 16*i**2 - 6*i - 18. List the prime factors of y(-4).
2, 131
Let t(o) = 7*o**2 - 7*o - 1. What are the prime factors of t(3)?
41
Suppose -4*m = -5*v - 20, -2*m + 1 + 9 = 4*v. List the prime factors of m.
5
Suppose -f + d = -128, -4*d + 2*d + 256 = 2*f. What are the prime factors of f?
2
Let j = 45 - -65. List the prime factors of j.
2, 5, 11
Let x(z) be the third derivative of 0 + 1/24*z**4 + 0*z**3 - 1/40*z**6 + z**2 + 0*z + 0*z**5. What are the prime factors of x(-1)?
2
Let o(u) = 144*u**2 + 2*u + 3. List the prime factors of o(-1).
5, 29
Let g(v) = v**2 + 12 + 0*v - 13 + 0*v. List the prime factors of g(-6).
5, 7
Let h be (-21)/3 - (-4 - -2). Let r = h - -9. Suppose 57 = 5*i + 2*q, 0 = r*q - 4. List the prime factors of i.
11
List the prime factors of (0 - (-44)/12)*3.
11
Let v = -11 - -80. List the prime factors of v.
3, 23
Suppose 3*p = -4*i + 27, -p = -3*i + 25 + 5. Suppose 3*q - 2*q - i = 0. What are the prime factors of q?
3
Let b(h) = h + 0*h + 4*h - 2*h + 3. List the prime factors of b(2).
3
What are the prime factors of (-47)/(-1) + 1 + -5?
43
Let v(a) = -a**2 + 9*a + 27. List the prime factors of v(9).
3
Suppose 4*v + 15 = 3*d - 10, 5*d + 25 = 0. Let q = -4 - v. Suppose -3*c + q = -24. List the prime factors of c.
2, 5
Let i = -5 + 8. Suppose -u + m + 15 = 6, -5*u - i*m + 85 = 0. List the prime factors of u.
2, 7
Suppose -2*d = d - 246. List the prime factors of d.
2, 41
Let d(o) = -o**2 + 10*o - 10. Let j be d(8). Suppose -t = -3*c - 11, 5*t - c = -j*c + 35. List the prime factors of t.
2
Let o(v) = -v**2 - 6*v + 28. Let z be o(-9). Suppose 2*n + 3*c = 29, -2*c + 58 = 3*n + 12. Suppose z - n = -a. List the prime factors of a.
3, 5
Let k(d) = -d**2 - 2*d + 10. Let n be 4*1/4 - 1. List the prime factors of